{"id":532,"date":"2015-01-16T22:40:14","date_gmt":"2015-01-16T22:40:14","guid":{"rendered":"http:\/\/berliner-toleranzbuendnis.de\/?page_id=532"},"modified":"2015-01-16T22:44:43","modified_gmt":"2015-01-16T22:44:43","slug":"2011-erster-internationaler-kongress","status":"publish","type":"page","link":"https:\/\/berliner-toleranzbuendnis.de\/?page_id=532","title":{"rendered":"2011: Erster internationaler Kongress"},"content":{"rendered":"<p><span style=\"text-decoration: underline;\">2011: Erster internationaler Kongress der \u201eRegenbogenkieze\u201c in Berlin<\/span><\/p>\n<p><strong>Die Welt zu Gast im Berliner Regenbogenkiez<\/strong><\/p>\n<div id=\"attachment_533\" style=\"width: 310px\" class=\"wp-caption alignright\"><a href=\"http:\/\/berliner-toleranzbuendnis.de\/wp-content\/uploads\/2015\/01\/141010_BTB_MANEO_Handout_page88_image221.jpg\"><img loading=\"lazy\" decoding=\"async\" aria-describedby=\"caption-attachment-533\" class=\"size-medium wp-image-533\" src=\"http:\/\/berliner-toleranzbuendnis.de\/wp-content\/uploads\/2015\/01\/141010_BTB_MANEO_Handout_page88_image221-300x227.jpg\" alt=\"\u00a9 Foto MANEO. \u00b4Der dreit\u00e4gige internationale Kiezkongress versam-melte 130 Expertinnen und Experten aus aller Welt.\" width=\"300\" height=\"227\" srcset=\"https:\/\/berliner-toleranzbuendnis.de\/wp-content\/uploads\/2015\/01\/141010_BTB_MANEO_Handout_page88_image221-300x227.jpg 300w, https:\/\/berliner-toleranzbuendnis.de\/wp-content\/uploads\/2015\/01\/141010_BTB_MANEO_Handout_page88_image221-199x150.jpg 199w, https:\/\/berliner-toleranzbuendnis.de\/wp-content\/uploads\/2015\/01\/141010_BTB_MANEO_Handout_page88_image221-150x113.jpg 150w, https:\/\/berliner-toleranzbuendnis.de\/wp-content\/uploads\/2015\/01\/141010_BTB_MANEO_Handout_page88_image221.jpg 719w\" sizes=\"auto, (max-width: 300px) 100vw, 300px\" \/><\/a><p id=\"caption-attachment-533\" class=\"wp-caption-text\">\u00a9 Foto MANEO. \u00b4Der dreit\u00e4gige internationale Kiezkongress versam-melte 130 Expertinnen und Experten aus aller Welt.<\/p><\/div>\n<p><strong>Vom 30.11. bis zum 03.12.2011 tagte die erste International MANEO Conference (IMC) in Berlin zum Thema \u201eBuilding a Queer and Tolerant Neighbourhood\u201c. 130 Expertinnen und Experten aus aller Welt versammelten sich zu einer dreit\u00e4gigen Veranstaltung im Rathaus Sch\u00f6neberg, die von zahlreichen Vortr\u00e4gen, Workshops, Diskussion und intensivem Erfahrungsaustausch begleitet war. Die internationalen G\u00e4ste sprechen von einer wegweisenden und erfolgreichen Veranstaltung.<\/strong><\/p>\n<p>&nbsp;<\/p>\n<p>&nbsp;<\/p>\n<p>&nbsp;<\/p>\n<p>&nbsp;<\/p>\n<div id=\"attachment_534\" style=\"width: 205px\" class=\"wp-caption alignright\"><a href=\"http:\/\/berliner-toleranzbuendnis.de\/wp-content\/uploads\/2015\/01\/141010_BTB_MANEO_Handout_page88_image220.jpg\"><img loading=\"lazy\" decoding=\"async\" aria-describedby=\"caption-attachment-534\" class=\"size-medium wp-image-534\" src=\"http:\/\/berliner-toleranzbuendnis.de\/wp-content\/uploads\/2015\/01\/141010_BTB_MANEO_Handout_page88_image220-195x300.jpg\" alt=\"\u00a9 Foto MANEO. IMC Berlin 2011: Dagmar Roth-Behrend, Vizepr\u00e4sidentin des Europ\u00e4ischen Parlaments.\" width=\"195\" height=\"300\" srcset=\"https:\/\/berliner-toleranzbuendnis.de\/wp-content\/uploads\/2015\/01\/141010_BTB_MANEO_Handout_page88_image220-195x300.jpg 195w, https:\/\/berliner-toleranzbuendnis.de\/wp-content\/uploads\/2015\/01\/141010_BTB_MANEO_Handout_page88_image220-98x150.jpg 98w, https:\/\/berliner-toleranzbuendnis.de\/wp-content\/uploads\/2015\/01\/141010_BTB_MANEO_Handout_page88_image220.jpg 338w\" sizes=\"auto, (max-width: 195px) 100vw, 195px\" \/><\/a><p id=\"caption-attachment-534\" class=\"wp-caption-text\">\u00a9 Foto MANEO. IMC Berlin 2011: Dagmar Roth-Behrend, Vizepr\u00e4sidentin des Europ\u00e4ischen Parlaments.<\/p><\/div>\n<p>An dem dreit\u00e4gigen Kongress, der unter der Schirmherrschaft des Regierenden B\u00fcrgermeisters von Berlin Klaus Wowereit stand, nahmen \u00fcber 130 Expertinnen und Experten aus aller Welt teil. 11 Impulsvortr\u00e4ge, 12 St\u00e4dtepr\u00e4sentationen, Podiumsdiskussionen und 35 Einzelvortr\u00e4ge in 8 Workshops begleiteten die Veranstaltung, die Fachpersonen aus Tokio, Sydney, Kapstadt, Rio de Janeiro, Los Angeles, San Francisco, Chicago, Laramie, Toronto, Montreal, Tel Aviv, Z\u00fcrich, Br\u00fcssel, Warschau, Paris, Amsterdam, Rotterdam, Oslo, Dublin, Belfast, Liverpool, Barcelona sowie M\u00fcnchen, Hamburg und K\u00f6ln besuchten.<\/p>\n<p>Die Titel der Workshops lauteten: \u201eGeschichte: Gedenken und Erinnern \u2013 Bewahrung eines kulturellen Erbes\u201c (1), \u201eTourismus: LGBT*-Marketing und Wechselwirkungen\u201c (2), \u201eMedien, Netzwerke, Marketing, Events\u201c (3), \u201eStadt(teil)entwicklung 1: Partnerschaften zwischen und \u00fcber Regenbogenkieze\u201c (4), \u201eSicherheit und Zusammenarbeit: Sicherheit im Regenbogenkiez\u201c (5), \u201e\u00d6konomische Entwicklung \u2013 Queer Economy\u201c (6), \u201eStadt(teil)entwicklung 2: Formen der Organisation und internationalen Kooperation\u201c (7) und \u201eRegenbogenkieze: Ein Lebens- und Sozialraum \u2013 Soziale Entwicklung und Gesundheitsversorgung\u201c (8).<\/p>\n<p>Der Kongress setzte viele neue Impulse. Mit der Sichtbarkeit eines \u201eRegenbogenkiezes\u201c macht eine Metropole stets auch sichtbar, dass sie ernsthaft f\u00fcr Toleranz und Vielfalt einsteht. Regenbogenkieze f\u00f6rdern den Ruf und die Attraktivit\u00e4t einer Stadt.<\/p>\n","protected":false},"excerpt":{"rendered":"<p>2011: Erster internationaler Kongress der \u201eRegenbogenkieze\u201c in Berlin Die Welt zu Gast im Berliner Regenbogenkiez Vom 30.11. bis zum 03.12.2011 tagte die erste International MANEO Conference (IMC) in Berlin zum Thema \u201eBuilding a Queer and Tolerant Neighbourhood\u201c. 130 Expertinnen und Experten aus aller Welt versammelten sich zu einer dreit\u00e4gigen Veranstaltung \u2026<\/p>\n<p class=\"continue-reading-button\"> <a class=\"continue-reading-link\" href=\"https:\/\/berliner-toleranzbuendnis.de\/?page_id=532\">&gt;&gt; Mehr<i class=\"crycon-right-dir\"><\/i><\/a><\/p>\n","protected":false},"author":1,"featured_media":0,"parent":106,"menu_order":1,"comment_status":"closed","ping_status":"closed","template":"","meta":{"footnotes":""},"class_list":["post-532","page","type-page","status-publish","hentry"],"_links":{"self":[{"href":"https:\/\/berliner-toleranzbuendnis.de\/index.php?rest_route=\/wp\/v2\/pages\/532","targetHints":{"allow":["GET"]}}],"collection":[{"href":"https:\/\/berliner-toleranzbuendnis.de\/index.php?rest_route=\/wp\/v2\/pages"}],"about":[{"href":"https:\/\/berliner-toleranzbuendnis.de\/index.php?rest_route=\/wp\/v2\/types\/page"}],"author":[{"embeddable":true,"href":"https:\/\/berliner-toleranzbuendnis.de\/index.php?rest_route=\/wp\/v2\/users\/1"}],"replies":[{"embeddable":true,"href":"https:\/\/berliner-toleranzbuendnis.de\/index.php?rest_route=%2Fwp%2Fv2%2Fcomments&post=532"}],"version-history":[{"count":6,"href":"https:\/\/berliner-toleranzbuendnis.de\/index.php?rest_route=\/wp\/v2\/pages\/532\/revisions"}],"predecessor-version":[{"id":540,"href":"https:\/\/berliner-toleranzbuendnis.de\/index.php?rest_route=\/wp\/v2\/pages\/532\/revisions\/540"}],"up":[{"embeddable":true,"href":"https:\/\/berliner-toleranzbuendnis.de\/index.php?rest_route=\/wp\/v2\/pages\/106"}],"wp:attachment":[{"href":"https:\/\/berliner-toleranzbuendnis.de\/index.php?rest_route=%2Fwp%2Fv2%2Fmedia&parent=532"}],"curies":[{"name":"wp","href":"https:\/\/api.w.org\/{rel}","templated":true}]}}

<p><span style="text-decoration: underline;">2011: Erster internationaler Kongress der „Regenbogenkieze“ in Berlin</span></p>
<p><strong>Die Welt zu Gast im Berliner Regenbogenkiez</strong></p>
<div id="attachment_533" style="width: 310px" class="wp-caption alignright"><a href="http://berliner-toleranzbuendnis.de/wp-content/uploads/2015/01/141010_BTB_MANEO_Handout_page88_image221.jpg"><img loading="lazy" decoding="async" aria-describedby="caption-attachment-533" class="size-medium wp-image-533" src="http://berliner-toleranzbuendnis.de/wp-content/uploads/2015/01/141010_BTB_MANEO_Handout_page88_image221-300x227.jpg" alt="© Foto MANEO. ´Der dreitägige internationale Kiezkongress versam-melte 130 Expertinnen und Experten aus aller Welt." width="300" height="227" srcset="https://berliner-toleranzbuendnis.de/wp-content/uploads/2015/01/141010_BTB_MANEO_Handout_page88_image221-300x227.jpg 300w, https://berliner-toleranzbuendnis.de/wp-content/uploads/2015/01/141010_BTB_MANEO_Handout_page88_image221-199x150.jpg 199w, https://berliner-toleranzbuendnis.de/wp-content/uploads/2015/01/141010_BTB_MANEO_Handout_page88_image221-150x113.jpg 150w, https://berliner-toleranzbuendnis.de/wp-content/uploads/2015/01/141010_BTB_MANEO_Handout_page88_image221.jpg 719w" sizes="auto, (max-width: 300px) 100vw, 300px" /></a><p id="caption-attachment-533" class="wp-caption-text">© Foto MANEO. ´Der dreitägige internationale Kiezkongress versam-melte 130 Expertinnen und Experten aus aller Welt.</p></div>
<p><strong>Vom 30.11. bis zum 03.12.2011 tagte die erste International MANEO Conference (IMC) in Berlin zum Thema „Building a Queer and Tolerant Neighbourhood“. 130 Expertinnen und Experten aus aller Welt versammelten sich zu einer dreitägigen Veranstaltung im Rathaus Schöneberg, die von zahlreichen Vorträgen, Workshops, Diskussion und intensivem Erfahrungsaustausch begleitet war. Die internationalen Gäste sprechen von einer wegweisenden und erfolgreichen Veranstaltung.</strong></p>
<p>&nbsp;</p>
<p>&nbsp;</p>
<p>&nbsp;</p>
<p>&nbsp;</p>
<div id="attachment_534" style="width: 205px" class="wp-caption alignright"><a href="http://berliner-toleranzbuendnis.de/wp-content/uploads/2015/01/141010_BTB_MANEO_Handout_page88_image220.jpg"><img loading="lazy" decoding="async" aria-describedby="caption-attachment-534" class="size-medium wp-image-534" src="http://berliner-toleranzbuendnis.de/wp-content/uploads/2015/01/141010_BTB_MANEO_Handout_page88_image220-195x300.jpg" alt="© Foto MANEO. IMC Berlin 2011: Dagmar Roth-Behrend, Vizepräsidentin des Europäischen Parlaments." width="195" height="300" srcset="https://berliner-toleranzbuendnis.de/wp-content/uploads/2015/01/141010_BTB_MANEO_Handout_page88_image220-195x300.jpg 195w, https://berliner-toleranzbuendnis.de/wp-content/uploads/2015/01/141010_BTB_MANEO_Handout_page88_image220-98x150.jpg 98w, https://berliner-toleranzbuendnis.de/wp-content/uploads/2015/01/141010_BTB_MANEO_Handout_page88_image220.jpg 338w" sizes="auto, (max-width: 195px) 100vw, 195px" /></a><p id="caption-attachment-534" class="wp-caption-text">© Foto MANEO. IMC Berlin 2011: Dagmar Roth-Behrend, Vizepräsidentin des Europäischen Parlaments.</p></div>
<p>An dem dreitägigen Kongress, der unter der Schirmherrschaft des Regierenden Bürgermeisters von Berlin Klaus Wowereit stand, nahmen über 130 Expertinnen und Experten aus aller Welt teil. 11 Impulsvorträge, 12 Städtepräsentationen, Podiumsdiskussionen und 35 Einzelvorträge in 8 Workshops begleiteten die Veranstaltung, die Fachpersonen aus Tokio, Sydney, Kapstadt, Rio de Janeiro, Los Angeles, San Francisco, Chicago, Laramie, Toronto, Montreal, Tel Aviv, Zürich, Brüssel, Warschau, Paris, Amsterdam, Rotterdam, Oslo, Dublin, Belfast, Liverpool, Barcelona sowie München, Hamburg und Köln besuchten.</p>
<p>Die Titel der Workshops lauteten: „Geschichte: Gedenken und Erinnern – Bewahrung eines kulturellen Erbes“ (1), „Tourismus: LGBT*-Marketing und Wechselwirkungen“ (2), „Medien, Netzwerke, Marketing, Events“ (3), „Stadt(teil)entwicklung 1: Partnerschaften zwischen und über Regenbogenkieze“ (4), „Sicherheit und Zusammenarbeit: Sicherheit im Regenbogenkiez“ (5), „Ökonomische Entwicklung – Queer Economy“ (6), „Stadt(teil)entwicklung 2: Formen der Organisation und internationalen Kooperation“ (7) und „Regenbogenkieze: Ein Lebens- und Sozialraum – Soziale Entwicklung und Gesundheitsversorgung“ (8).</p>
<p>Der Kongress setzte viele neue Impulse. Mit der Sichtbarkeit eines „Regenbogenkiezes“ macht eine Metropole stets auch sichtbar, dass sie ernsthaft für Toleranz und Vielfalt einsteht. Regenbogenkieze fördern den Ruf und die Attraktivität einer Stadt.</p>

<p>2011: Erster internationaler Kongress der „Regenbogenkieze“ in Berlin Die Welt zu Gast im Berliner Regenbogenkiez Vom 30.11. bis zum 03.12.2011 tagte die erste International MANEO Conference (IMC) in Berlin zum Thema „Building a Queer and Tolerant Neighbourhood“. 130 Expertinnen und Experten aus aller Welt versammelten sich zu einer dreitägigen Veranstaltung …</p>
<p class="continue-reading-button"> <a class="continue-reading-link" href="https://berliner-toleranzbuendnis.de/?page_id=532">&gt;&gt; Mehr<i class="crycon-right-dir"></i></a></p>
