{"id":331,"date":"2015-01-15T00:25:18","date_gmt":"2015-01-15T00:25:18","guid":{"rendered":"http:\/\/berliner-toleranzbuendnis.de\/?page_id=331"},"modified":"2015-01-15T00:25:18","modified_gmt":"2015-01-15T00:25:18","slug":"regelmaessige-gespraeche","status":"publish","type":"page","link":"https:\/\/berliner-toleranzbuendnis.de\/?page_id=331","title":{"rendered":"Regelm\u00e4\u00dfige Gespr\u00e4che"},"content":{"rendered":"<p><strong>Regelm\u00e4\u00dfige Gespr\u00e4che:<\/strong><\/p>\n<p><em>\u00a003.05.2013: \u00dcbergabe der Beitrittsurkunde im \u201eBerliner Toleranzb\u00fcndnis\u201c an die Berliner Polizei. Im Foto (v.l.n.r.): Staatsanwalt Adrian Voigt, Oberstaatsanw\u00e4ltin Ines Karl, Stefan Evers, MdA CDU-Fraktion, Vizepr\u00e4sidentin der Berliner Polizei Margarete Koppers, Pr\u00e4sident der Berliner Polizei Klaus Kandt, Maria Tischbier, Ansprechpartnerin f\u00fcr LSBT bei der Berliner Polizei, Johannes Happel, Zentralstelle f\u00fcr Pr\u00e4vention beim Landeskriminalamtes Berlin, und MANEO-Projektleiter Bastian Finke.<\/em><\/p>\n<p><img loading=\"lazy\" decoding=\"async\" class=\"aligncenter wp-image-332\" src=\"http:\/\/berliner-toleranzbuendnis.de\/wp-content\/uploads\/2015\/01\/141010_BTB_MANEO_Handout_page88_image103-300x184.jpg\" alt=\"\" width=\"400\" height=\"245\" srcset=\"https:\/\/berliner-toleranzbuendnis.de\/wp-content\/uploads\/2015\/01\/141010_BTB_MANEO_Handout_page88_image103-300x184.jpg 300w, https:\/\/berliner-toleranzbuendnis.de\/wp-content\/uploads\/2015\/01\/141010_BTB_MANEO_Handout_page88_image103-245x150.jpg 245w, https:\/\/berliner-toleranzbuendnis.de\/wp-content\/uploads\/2015\/01\/141010_BTB_MANEO_Handout_page88_image103-150x92.jpg 150w, https:\/\/berliner-toleranzbuendnis.de\/wp-content\/uploads\/2015\/01\/141010_BTB_MANEO_Handout_page88_image103.jpg 993w\" sizes=\"auto, (max-width: 400px) 100vw, 400px\" \/><br \/>\n<strong>Berliner Polizei und Staatsanwaltschaft nehmen vorurteilsmotivierte Straftaten gegen LSBT* ernst<\/strong><\/p>\n<p>Bei einem Antrittsbesuch von MANEO am 03.05.2013 beim neuen Berliner Polizeipr\u00e4sident Klaus Kandt unterstrich dieser, dass die Berliner Polizei die bisher entwickelte Arbeit zur Bek\u00e4mpfung vorurteilsmotivierter Straftaten gegen LSBT* fortsetzen und weiterentwickeln wird. W\u00e4hrend des Gespr\u00e4ches unterstrich Klaus Kandt, dass er die unter Polizeivizepr\u00e4sidentin Margarete Koppers weiterentwickelte Pr\u00e4ventionsarbeit in der Bek\u00e4mpfung vorurteilsmotivierter Straftaten gegen LSBT* fortsetzen wird. Die Bek\u00e4mpfung vorurteilsmotivierter Straftaten gegen LSBT* wird ebenso viel Aufmerksamkeit finden wie die Verfolgung von Hasskriminalit\u00e4t gegen andere gesellschaftliche Gruppen. Die Berliner Polizei als Spiegelbild der Gesellschaft wird sich mit der wachsenden gesellschaftlichen Diversityorientierung weiter ver\u00e4ndern.<\/p>\n<p>Bastian Finke w\u00fcrdigte die bislang erzielten Arbeitsergebnisse in Berlin vor dem Hintergrund des geschichtlich belasteten Verh\u00e4ltnisses zwischen Homosexuellen und Polizei, \u201eauch wenn wir noch nicht alles erreicht haben, was wir uns w\u00fcnschen\u201c, so Finke. \u201eVorurteile und Ber\u00fchrungs\u00e4ngste gibt es nach wie vor auch auf Seiten der Polizei\u201c. Er sprach sich f\u00fcr mehr nachbarschaftsorientiertes \u201eCommunity Policing\u201c aus, dass die Polizei mehr auf die LSBT*-Szenen zugeht und nicht nur auf Einladungen wartet. MANEO macht sich f\u00fcr einen solchen Arbeitsansatz in Berliner Szene-Regionen stark.<\/p>\n","protected":false},"excerpt":{"rendered":"<p>Regelm\u00e4\u00dfige Gespr\u00e4che: \u00a003.05.2013: \u00dcbergabe der Beitrittsurkunde im \u201eBerliner Toleranzb\u00fcndnis\u201c an die Berliner Polizei. Im Foto (v.l.n.r.): Staatsanwalt Adrian Voigt, Oberstaatsanw\u00e4ltin Ines Karl, Stefan Evers, MdA CDU-Fraktion, Vizepr\u00e4sidentin der Berliner Polizei Margarete Koppers, Pr\u00e4sident der Berliner Polizei Klaus Kandt, Maria Tischbier, Ansprechpartnerin f\u00fcr LSBT bei der Berliner Polizei, Johannes Happel, Zentralstelle \u2026<\/p>\n<p class=\"continue-reading-button\"> <a class=\"continue-reading-link\" href=\"https:\/\/berliner-toleranzbuendnis.de\/?page_id=331\">&gt;&gt; Mehr<i class=\"crycon-right-dir\"><\/i><\/a><\/p>\n","protected":false},"author":1,"featured_media":0,"parent":102,"menu_order":0,"comment_status":"closed","ping_status":"closed","template":"","meta":{"footnotes":""},"class_list":["post-331","page","type-page","status-publish","hentry"],"_links":{"self":[{"href":"https:\/\/berliner-toleranzbuendnis.de\/index.php?rest_route=\/wp\/v2\/pages\/331","targetHints":{"allow":["GET"]}}],"collection":[{"href":"https:\/\/berliner-toleranzbuendnis.de\/index.php?rest_route=\/wp\/v2\/pages"}],"about":[{"href":"https:\/\/berliner-toleranzbuendnis.de\/index.php?rest_route=\/wp\/v2\/types\/page"}],"author":[{"embeddable":true,"href":"https:\/\/berliner-toleranzbuendnis.de\/index.php?rest_route=\/wp\/v2\/users\/1"}],"replies":[{"embeddable":true,"href":"https:\/\/berliner-toleranzbuendnis.de\/index.php?rest_route=%2Fwp%2Fv2%2Fcomments&post=331"}],"version-history":[{"count":1,"href":"https:\/\/berliner-toleranzbuendnis.de\/index.php?rest_route=\/wp\/v2\/pages\/331\/revisions"}],"predecessor-version":[{"id":333,"href":"https:\/\/berliner-toleranzbuendnis.de\/index.php?rest_route=\/wp\/v2\/pages\/331\/revisions\/333"}],"up":[{"embeddable":true,"href":"https:\/\/berliner-toleranzbuendnis.de\/index.php?rest_route=\/wp\/v2\/pages\/102"}],"wp:attachment":[{"href":"https:\/\/berliner-toleranzbuendnis.de\/index.php?rest_route=%2Fwp%2Fv2%2Fmedia&parent=331"}],"curies":[{"name":"wp","href":"https:\/\/api.w.org\/{rel}","templated":true}]}}