{"id":148,"date":"2015-01-09T12:54:44","date_gmt":"2015-01-09T12:54:44","guid":{"rendered":"http:\/\/localhost\/wordpress\/?page_id=148"},"modified":"2015-01-17T17:37:13","modified_gmt":"2015-01-17T17:37:13","slug":"wuerdigungsfeier","status":"publish","type":"page","link":"https:\/\/berliner-toleranzbuendnis.de\/?page_id=148","title":{"rendered":"W\u00fcrdigungsfeier"},"content":{"rendered":"<p><span style=\"text-decoration: underline;\">19.06.2013<\/span><\/p>\n<p><strong><span style=\"color: #ff6600;\">MANEO bedankt sich f\u00fcr Engagement und Hilfe<\/span><\/strong><\/p>\n<p><a href=\"http:\/\/berliner-toleranzbuendnis.de\/wp-content\/uploads\/2015\/01\/141010_BTB_MANEO_Handout_page88_image305-e1421515928934.jpg\"><img loading=\"lazy\" decoding=\"async\" class=\" size-full wp-image-621 aligncenter\" src=\"http:\/\/berliner-toleranzbuendnis.de\/wp-content\/uploads\/2015\/01\/141010_BTB_MANEO_Handout_page88_image305-e1421515928934.jpg\" alt=\"\" width=\"600\" height=\"266\" \/><\/a><\/p>\n<p>Mit einer Feierstunde im Goldenen Saal im Rathaus Sch\u00f6neberg bedankte sich MANEO bei allen seinen Freundinnen und Freunden f\u00fcr ihre Unterst\u00fct-zung. Ihr Engagement hatte im letzten Jahr dazu beigetragen, dass MANEO seine Arbeit weiter ausgestalten konnte. Bezirksb\u00fcrgermeisterin Angelika Sch\u00f6ttler w\u00fcrdigte die Rolle von MANEO in der Opferhilfearbeit und Ge-waltpr\u00e4vention nicht nur f\u00fcr ihren Bezirk, sondern f\u00fcr ganz Berlin. Mit \u201eKiss Kiss Berlin 2013\u201c sammelte MANEO 4.500 Euro. Zum ersten Mal wurden auf der Feierstunde, die MANEO seit 2001 regelm\u00e4\u00dfig organisiert, auch Helfer geehrt, die Gewaltopfern beigestanden hatten, als diese bedr\u00e4ngt oder an-gegriffen wurden.<\/p>\n<p><strong><span style=\"color: #ff6600;\">MANEO \u00fcberreicht Urkunden<\/span><\/strong><br \/>\nUnterst\u00fctzt wird die Arbeit von MANEO aus der Mitte der Berliner Szenen. MANEO bedankte sich bei vielen Organisationen, Veranstaltern, Hotels, Bars, Caf\u00e9s und Clubs, die die Gewaltpr\u00e4ventionsarbeit von MANEO unterst\u00fctzen und mithelfen, Spenden zu sammeln, beispielsweise im Rahmen von \u201eKiss Kiss Berlin\u201c. MANEO \u00fcberreichte den verdienten ehrenamtlichen Mitarbeitern Candy Spilski und Hans-G\u00fcnter Kegel eine Ehrenurkunde f\u00fcr ihr langj\u00e4hriges Engagement. \u201eWir profitieren besonders davon, dass sich Mitarbeiter \u00fcber so viele Jahre hinweg bei uns engagieren\u201c, so Projektleiter Bastian Finke.<\/p>\n<p><strong><span style=\"color: #ff6600;\">W\u00fcridgung couragierter Notfallhelfer<\/span><\/strong><br \/>\nErstmals w\u00fcrdigte MANEO im Rahmen der Feier auch Menschen, die mit ihrem couragierten Handeln anderen Menschen beigestanden hatten. Zu ihnen z\u00e4hlen Nicolai Eschenhagen, Jonas Rhode und Michael Strau\u00df. Sie wurden Zeugen von \u00dcbergriffen gegen Schwule und Lesben. Sie griffen ein und standen Opfern bei.<\/p>\n<hr \/>\n<p><span style=\"text-decoration: underline;\">15.06.2012: W\u00fcrdigung des ehrenamtlichen Engagements f\u00fcr MANEO<\/span><\/p>\n<h5><span style=\"color: #ff6600;\"><strong>MANEO sagt Danke<\/strong><\/span><\/h5>\n<p>&nbsp;<\/p>\n<p><a href=\"http:\/\/berliner-toleranzbuendnis.de\/wp-content\/uploads\/2015\/01\/141010_BTB_MANEO_Handout_page88_image309.jpg\"><img loading=\"lazy\" decoding=\"async\" class=\" wp-image-623 size-full aligncenter\" src=\"http:\/\/berliner-toleranzbuendnis.de\/wp-content\/uploads\/2015\/01\/141010_BTB_MANEO_Handout_page88_image309-e1421516182425.jpg\" alt=\"\" width=\"600\" height=\"391\" \/><\/a><br \/>\n<strong><span style=\"color: #ff6600;\">Rolf Sch\u00fctte w\u00fcrdigt Arbeit von MANEO<\/span><\/strong><br \/>\nGastredner Rolf Sch\u00fctte, Protokollchef und Leiter des Auslandsdienstes der Ber-liner Senatskanzlei, w\u00fcrdigte die Arbeit von MANEO und betonte die gute Zu-sammenarbeit im Rahmen verschiedener Veranstaltungen im vergangen Jahr. Er erinnerte u.a. an den 1000-fach bek\u00fcssten MANEO-Knutschb\u00e4ren, der als Tole-ranzbotschafter anl\u00e4sslich der Feierlichkeiten zum 20-j\u00e4hrigen Bestehen der St\u00e4dtepartnerschaft \u201eBerlin-Moskau\u201c in die russische Hauptstadt entsendet worden war. Das war eine wichtige Aktion. Im Namen von MANEO bedankte sich Bastian Finke bei Rolf Sch\u00fctte f\u00fcr die Unterst\u00fctzung der Senatskanzlei. Mitarbeiterinnen und Mitarbeiter haben viel Einsatz gezeigt, was zu den Erfolgen beigetragen hat.<\/p>\n<p><strong><span style=\"color: #ff6600;\">Dank an Uwe L\u00f6her, der von 1998 bis 2012 Ansprechpartner der Berliner Polizei f\u00fcr gleichgeschlechtliche Lebensweisen war<\/span><\/strong><br \/>\nMANEO w\u00fcrdigte im Rahmen der Feierstunde au\u00dferdem das Engagement und den Einsatz von Uwe L\u00f6her, der im Fr\u00fchjahr eine neue Funktion bei der Berliner Polizei \u00fcbernommen hat. 14 Jahre lang hat er sich als Ansprechpartner der Ber-liner Polizei f\u00fcr gleichgeschlechtliche Lebensweisen f\u00fcr die Belange von LSBT* bei der Polizei eingesetzt.<\/p>\n","protected":false},"excerpt":{"rendered":"<p>19.06.2013 MANEO bedankt sich f\u00fcr Engagement und Hilfe Mit einer Feierstunde im Goldenen Saal im Rathaus Sch\u00f6neberg bedankte sich MANEO bei allen seinen Freundinnen und Freunden f\u00fcr ihre Unterst\u00fct-zung. Ihr Engagement hatte im letzten Jahr dazu beigetragen, dass MANEO seine Arbeit weiter ausgestalten konnte. Bezirksb\u00fcrgermeisterin Angelika Sch\u00f6ttler w\u00fcrdigte die Rolle \u2026<\/p>\n<p class=\"continue-reading-button\"> <a class=\"continue-reading-link\" href=\"https:\/\/berliner-toleranzbuendnis.de\/?page_id=148\">&gt;&gt; Mehr<i class=\"crycon-right-dir\"><\/i><\/a><\/p>\n","protected":false},"author":1,"featured_media":0,"parent":110,"menu_order":1,"comment_status":"closed","ping_status":"open","template":"","meta":{"footnotes":""},"class_list":["post-148","page","type-page","status-publish","hentry"],"_links":{"self":[{"href":"https:\/\/berliner-toleranzbuendnis.de\/index.php?rest_route=\/wp\/v2\/pages\/148","targetHints":{"allow":["GET"]}}],"collection":[{"href":"https:\/\/berliner-toleranzbuendnis.de\/index.php?rest_route=\/wp\/v2\/pages"}],"about":[{"href":"https:\/\/berliner-toleranzbuendnis.de\/index.php?rest_route=\/wp\/v2\/types\/page"}],"author":[{"embeddable":true,"href":"https:\/\/berliner-toleranzbuendnis.de\/index.php?rest_route=\/wp\/v2\/users\/1"}],"replies":[{"embeddable":true,"href":"https:\/\/berliner-toleranzbuendnis.de\/index.php?rest_route=%2Fwp%2Fv2%2Fcomments&post=148"}],"version-history":[{"count":4,"href":"https:\/\/berliner-toleranzbuendnis.de\/index.php?rest_route=\/wp\/v2\/pages\/148\/revisions"}],"predecessor-version":[{"id":625,"href":"https:\/\/berliner-toleranzbuendnis.de\/index.php?rest_route=\/wp\/v2\/pages\/148\/revisions\/625"}],"up":[{"embeddable":true,"href":"https:\/\/berliner-toleranzbuendnis.de\/index.php?rest_route=\/wp\/v2\/pages\/110"}],"wp:attachment":[{"href":"https:\/\/berliner-toleranzbuendnis.de\/index.php?rest_route=%2Fwp%2Fv2%2Fmedia&parent=148"}],"curies":[{"name":"wp","href":"https:\/\/api.w.org\/{rel}","templated":true}]}}