{"id":106,"date":"2015-01-09T11:55:38","date_gmt":"2015-01-09T11:55:38","guid":{"rendered":"http:\/\/localhost\/wordpress\/?page_id=106"},"modified":"2015-01-16T22:29:26","modified_gmt":"2015-01-16T22:29:26","slug":"empowerment-und-engagement","status":"publish","type":"page","link":"https:\/\/berliner-toleranzbuendnis.de\/?page_id=106","title":{"rendered":"Empowerment und Engagement"},"content":{"rendered":"<p><strong>Das bedeutet,<\/strong><\/p>\n<p>seit jeher richten wir ein besonderes Augenmerk auf regionale \u201eKieze\u201c in Berlin als unmittelbaren Lebens-, Arbeits- und Wirtschaftsraum, als Besuchermagnet, als sozialen Nahraum. Was im Kleinen passiert, kann die gesamte Stadt im Gro\u00dfen pr\u00e4gen. B\u00fcndnismitglieder sind eingeladen, sich mit uns zu engagieren.<\/p>\n<div id=\"attachment_521\" style=\"width: 610px\" class=\"wp-caption aligncenter\"><a href=\"http:\/\/berliner-toleranzbuendnis.de\/wp-content\/uploads\/2015\/01\/141010_BTB_MANEO_Handout_page88_image211.jpg\"><img loading=\"lazy\" decoding=\"async\" aria-describedby=\"caption-attachment-521\" class=\"wp-image-521\" src=\"http:\/\/berliner-toleranzbuendnis.de\/wp-content\/uploads\/2015\/01\/141010_BTB_MANEO_Handout_page88_image211-300x212.jpg\" alt=\"06.12.2013: Angelika Sch\u00f6ttler, Bezirksb\u00fcrgermeisterin von Tempelhof-Sch\u00f6neberg, weist mit Stolz auf die erfolgreich durchgef\u00fchrt Beleuchtung des \u00dc-Bahnhofes Nollendorfplatz hin. Foto: Klaus Huber-Abendroth, \u00a9 Pink Sch\u00f6neberg.\" width=\"600\" height=\"424\" srcset=\"https:\/\/berliner-toleranzbuendnis.de\/wp-content\/uploads\/2015\/01\/141010_BTB_MANEO_Handout_page88_image211-300x212.jpg 300w, https:\/\/berliner-toleranzbuendnis.de\/wp-content\/uploads\/2015\/01\/141010_BTB_MANEO_Handout_page88_image211-1024x724.jpg 1024w, https:\/\/berliner-toleranzbuendnis.de\/wp-content\/uploads\/2015\/01\/141010_BTB_MANEO_Handout_page88_image211-212x150.jpg 212w, https:\/\/berliner-toleranzbuendnis.de\/wp-content\/uploads\/2015\/01\/141010_BTB_MANEO_Handout_page88_image211-150x106.jpg 150w, https:\/\/berliner-toleranzbuendnis.de\/wp-content\/uploads\/2015\/01\/141010_BTB_MANEO_Handout_page88_image211.jpg 1116w\" sizes=\"auto, (max-width: 600px) 100vw, 600px\" \/><\/a><p id=\"caption-attachment-521\" class=\"wp-caption-text\">06.12.2013: Angelika Sch\u00f6ttler, Bezirksb\u00fcrgermeisterin von Tempelhof-Sch\u00f6neberg, weist mit Stolz auf die erfolgreich durchgef\u00fchrt Beleuchtung des \u00dc-Bahnhofes Nollendorfplatz hin. Foto: Klaus Huber-Abendroth, \u00a9 Pink Sch\u00f6neberg.<\/p><\/div>\n<p>Aus diesem Engagement sind seit 1990 zahlreiche Initiativen hervorgegangen:<\/p>\n<ul>\n<li><strong>Das Lesbisch-Schwule Stra\u00dfenfest<\/strong> im historischen Regenbogenkiez, das MANEO 1993 gegr\u00fcndet und sechs Jahre lang aufgebaut und organisiert hatte. Noch immer besuchen j\u00e4hrlich 400.000 Menschen das Fest.<\/li>\n<li>MANEO engagiert sich mit den Foren <strong>\u201eSicherheit im Kiez\u201c<\/strong> in den Kiezen, in Kreuzberg, Friedrichshain und Prenzlauer Berg, eben auch im Sch\u00f6neberger Regenbogenkiez, um den Dialog zwischen LSBT*-Szenen, der Nachbarschaft, Polizei und Bezirksamt zu unterst\u00fctzen, und hat <strong>internationale Fachkonferenzen<\/strong><\/li>\n<li>Die Aktion \u201eLichter der Vielfalt\u201c mit der <strong>Kuppelbeleuchtung<\/strong> des U-Bahnhofes Nollendorfplatz in Regenbogenfarben.<\/li>\n<\/ul>\n<p><span style=\"color: #00ccff;\"><strong><span style=\"color: #0000ff;\">Alle B\u00fcndnispartner sind eingeladen,<\/span> <\/strong><\/span><\/p>\n<p><span style=\"color: #000000;\"><strong>Initiativen in den Kiezen zu unterst\u00fctzen und zu f\u00f6rdern.<\/strong><\/span><\/p>\n","protected":false},"excerpt":{"rendered":"<p>Das bedeutet, seit jeher richten wir ein besonderes Augenmerk auf regionale \u201eKieze\u201c in Berlin als unmittelbaren Lebens-, Arbeits- und Wirtschaftsraum, als Besuchermagnet, als sozialen Nahraum. Was im Kleinen passiert, kann die gesamte Stadt im Gro\u00dfen pr\u00e4gen. B\u00fcndnismitglieder sind eingeladen, sich mit uns zu engagieren. Aus diesem Engagement sind seit 1990 \u2026<\/p>\n<p class=\"continue-reading-button\"> <a class=\"continue-reading-link\" href=\"https:\/\/berliner-toleranzbuendnis.de\/?page_id=106\">&gt;&gt; Mehr<i class=\"crycon-right-dir\"><\/i><\/a><\/p>\n","protected":false},"author":1,"featured_media":0,"parent":64,"menu_order":3,"comment_status":"closed","ping_status":"open","template":"","meta":{"footnotes":""},"class_list":["post-106","page","type-page","status-publish","hentry"],"_links":{"self":[{"href":"https:\/\/berliner-toleranzbuendnis.de\/index.php?rest_route=\/wp\/v2\/pages\/106","targetHints":{"allow":["GET"]}}],"collection":[{"href":"https:\/\/berliner-toleranzbuendnis.de\/index.php?rest_route=\/wp\/v2\/pages"}],"about":[{"href":"https:\/\/berliner-toleranzbuendnis.de\/index.php?rest_route=\/wp\/v2\/types\/page"}],"author":[{"embeddable":true,"href":"https:\/\/berliner-toleranzbuendnis.de\/index.php?rest_route=\/wp\/v2\/users\/1"}],"replies":[{"embeddable":true,"href":"https:\/\/berliner-toleranzbuendnis.de\/index.php?rest_route=%2Fwp%2Fv2%2Fcomments&post=106"}],"version-history":[{"count":6,"href":"https:\/\/berliner-toleranzbuendnis.de\/index.php?rest_route=\/wp\/v2\/pages\/106\/revisions"}],"predecessor-version":[{"id":526,"href":"https:\/\/berliner-toleranzbuendnis.de\/index.php?rest_route=\/wp\/v2\/pages\/106\/revisions\/526"}],"up":[{"embeddable":true,"href":"https:\/\/berliner-toleranzbuendnis.de\/index.php?rest_route=\/wp\/v2\/pages\/64"}],"wp:attachment":[{"href":"https:\/\/berliner-toleranzbuendnis.de\/index.php?rest_route=%2Fwp%2Fv2%2Fmedia&parent=106"}],"curies":[{"name":"wp","href":"https:\/\/api.w.org\/{rel}","templated":true}]}}