{"id":102,"date":"2015-01-09T11:54:41","date_gmt":"2015-01-09T11:54:41","guid":{"rendered":"http:\/\/localhost\/wordpress\/?page_id=102"},"modified":"2015-01-16T09:29:19","modified_gmt":"2015-01-16T09:29:19","slug":"gewaltpraevention-und-opferhilfe","status":"publish","type":"page","link":"https:\/\/berliner-toleranzbuendnis.de\/?page_id=102","title":{"rendered":"Gewaltpr\u00e4vention und Opferhilfe"},"content":{"rendered":"<p>wir f\u00f6rdern das \u00f6ffentliche Bewusstsein \u00fcber die gesellschaftliche Bedeutung und die Notwendigkeit von sowohl <strong>gewaltpr\u00e4ventiver Aufkl\u00e4rungsarbeit<\/strong>, als auch die Bereitstellung von <strong>Unterst\u00fctzungsangebote f\u00fcr Betroffene von Diskriminierung und Gewaltstraftaten<\/strong> \u2013 ausdr\u00fccklich auch f\u00fcr Opfer von homophoben \u00dcbergriffen, denn das Thema war lange Zeit in unserem Land Tabu, und ist es noch immer in vielen anderen L\u00e4ndern unserer Erde.<\/p>\n<p>Gewaltpr\u00e4ventive Aufkl\u00e4rungsarbeit bedeutet f\u00fcr uns, ein gesellschaftliches Bewusstsein daf\u00fcr zu bef\u00f6rdern, dass in unserem Land alle Menschen, auch wenn sie verschieden sind, alle gleiche Rechte haben, dass Solidarit\u00e4t gest\u00e4rkt werden muss, damit Menschen anderen Menschen beistehen, die bedroht und angegriffen werden, dass Pr\u00e4ventionsarbeit hilft, auf Gefahren aufmerksam zu machen und darauf hinzuweisen, und dass homophobe \u00dcbergriffe Konsequenzen f\u00fcr T\u00e4ter haben.<\/p>\n<p>Neben regelm\u00e4\u00dfigen Gespr\u00e4chen mit der Berliner Polizei und Staatsanwaltschaft, leisten wir dies beispielsweise durch:<\/p>\n<ul>\n<li>\u00f6ffentliche Diskussions- und Gespr\u00e4chsrunden;<\/li>\n<li>\u00f6ffentliche Pr\u00e4sentation von Arbeitsergebnissen;<\/li>\n<li>gewaltpr\u00e4ventive Vorort-Arbeit;<\/li>\n<li>Aufkl\u00e4rung mit Plakaten, Faltbl\u00e4ttern, Anzeigen, Homepage, Kino-Spots;<\/li>\n<\/ul>\n<p><strong>Die B\u00fcndnispartner sind eingeladen,<\/strong><\/p>\n<p>sich an unseren \u00f6ffentlichen Initiativen und Aktionen zu beteiligen und ihr Engagement durch Teilnahme, Ver\u00f6ffentlichung ihres Logo auf Materialien und durch Weiterkommunikation sichtbar zu machen.<\/p>\n<p><a href=\"http:\/\/berliner-toleranzbuendnis.de\/wp-content\/uploads\/2015\/01\/141010_BTB_MANEO_Handout_page88_image97.jpg\"><img loading=\"lazy\" decoding=\"async\" class=\"  wp-image-325 size-medium aligncenter\" src=\"http:\/\/berliner-toleranzbuendnis.de\/wp-content\/uploads\/2015\/01\/141010_BTB_MANEO_Handout_page88_image97-300x179.jpg\" alt=\"\" width=\"300\" height=\"179\" srcset=\"https:\/\/berliner-toleranzbuendnis.de\/wp-content\/uploads\/2015\/01\/141010_BTB_MANEO_Handout_page88_image97-300x179.jpg 300w, https:\/\/berliner-toleranzbuendnis.de\/wp-content\/uploads\/2015\/01\/141010_BTB_MANEO_Handout_page88_image97-250x150.jpg 250w, https:\/\/berliner-toleranzbuendnis.de\/wp-content\/uploads\/2015\/01\/141010_BTB_MANEO_Handout_page88_image97-150x89.jpg 150w, https:\/\/berliner-toleranzbuendnis.de\/wp-content\/uploads\/2015\/01\/141010_BTB_MANEO_Handout_page88_image97.jpg 314w\" sizes=\"auto, (max-width: 300px) 100vw, 300px\" \/><\/a><a href=\"http:\/\/berliner-toleranzbuendnis.de\/wp-content\/uploads\/2015\/01\/141010_BTB_MANEO_Handout_page88_image98.jpg\"><img loading=\"lazy\" decoding=\"async\" class=\"  wp-image-326  aligncenter\" src=\"http:\/\/berliner-toleranzbuendnis.de\/wp-content\/uploads\/2015\/01\/141010_BTB_MANEO_Handout_page88_image98-147x300.jpg\" alt=\"141010_BTB_MANEO_Handout_page88_image98\" width=\"195\" height=\"398\" srcset=\"https:\/\/berliner-toleranzbuendnis.de\/wp-content\/uploads\/2015\/01\/141010_BTB_MANEO_Handout_page88_image98-147x300.jpg 147w, https:\/\/berliner-toleranzbuendnis.de\/wp-content\/uploads\/2015\/01\/141010_BTB_MANEO_Handout_page88_image98-74x150.jpg 74w, https:\/\/berliner-toleranzbuendnis.de\/wp-content\/uploads\/2015\/01\/141010_BTB_MANEO_Handout_page88_image98.jpg 256w\" sizes=\"auto, (max-width: 195px) 100vw, 195px\" \/><\/a><\/p>\n<p>Exemplarisch daf\u00fcr steht unsere <strong>Aktion \u201eWir bieten Hilfe!\u201c,<\/strong> die wir mit Unternehmen des \u201aBerliner Toleranzb\u00fcndnisses\u2018 zweisprachig (Deutsch und Englisch) kommuniziert haben, um auch Touristen zu erreichen.<\/p>\n<p><!--nextpage-->[section_title title=<strong>Pr\u00e4sentation von Arbeitsergebnissen<\/strong>]<br \/>\n<strong>Pr\u00e4sentation von Arbeitsergebnissen<\/strong><\/p>\n<p><strong>MANEO erhellt Dunkelfeld: 290 neue F\u00e4lle in Berlin<\/strong><\/p>\n<p><em>16.05.2013: Pressekonferenz mit Justizstaatsekret\u00e4r Alexander Stra\u00dfmeir bei MANEO. Im Foto v.l.n.r: Moritz Konradi (MANEO), Bastian Finke (Leiter von MANEO), Staatssekret\u00e4r f\u00fcr Justiz Alexander Stra\u00dfmeir, und Harald Kr\u00f6ger, Ansprechpartner der Berliner Polizei f\u00fcr gleichgeschlechtliche Lebensweisen. Foto \u00a9 MANEO.<\/em><\/p>\n<p><a href=\"http:\/\/berliner-toleranzbuendnis.de\/wp-content\/uploads\/2015\/01\/141010_BTB_MANEO_Handout_page88_image107.jpg\"><img loading=\"lazy\" decoding=\"async\" class=\" wp-image-335 aligncenter\" src=\"http:\/\/berliner-toleranzbuendnis.de\/wp-content\/uploads\/2015\/01\/141010_BTB_MANEO_Handout_page88_image107-300x214.jpg\" alt=\"\" width=\"400\" height=\"285\" srcset=\"https:\/\/berliner-toleranzbuendnis.de\/wp-content\/uploads\/2015\/01\/141010_BTB_MANEO_Handout_page88_image107-300x214.jpg 300w, https:\/\/berliner-toleranzbuendnis.de\/wp-content\/uploads\/2015\/01\/141010_BTB_MANEO_Handout_page88_image107-210x150.jpg 210w, https:\/\/berliner-toleranzbuendnis.de\/wp-content\/uploads\/2015\/01\/141010_BTB_MANEO_Handout_page88_image107-150x107.jpg 150w, https:\/\/berliner-toleranzbuendnis.de\/wp-content\/uploads\/2015\/01\/141010_BTB_MANEO_Handout_page88_image107.jpg 679w\" sizes=\"auto, (max-width: 400px) 100vw, 400px\" \/><\/a><\/p>\n<p><strong>16.05.2013: \u201eAufgrund der Dimension der Gewalt muss Homophobie und Trans*-phobie als gesamtgesellschaftliche Her-ausforderung ernst genommen werden\u201c, erkl\u00e4rte Bastian Finke, Leiter von MANEO, anl\u00e4sslich einer Pressekonferenz zum MANEO-Report 2013.<\/strong><\/p>\n<p>2013 wurden MANEO 500 neue F\u00e4lle und Hinweise gemeldet (2012: 474 F\u00e4lle). Davon boten 353 F\u00e4lle gen\u00fcgend Anhaltspunkte f\u00fcr eine Auswertung. 259 F\u00e4lle bezogen sich auf Berlin und hatten einen homophoben Hintergrund. 246 F\u00e4lle richteten sich gegen Schwule und m\u00e4nnliche Bisexuelle, 13 F\u00e4lle gegen Lesben, 23 F\u00e4lle gegen Trans*-Personen, 8 F\u00e4lle gegen LSBT* als Gruppe insgesamt. 49 F\u00e4lle zum Nachteil von LSBT*-Personen mit Tatort Berlin zeigten keinen homophoben oder trans*phoben Hintergrund, und 14 F\u00e4lle lagen au\u00dferhalb Berlins.<\/p>\n<p>\u201eDie Fallzahlen liegen gegen\u00fcber den Vorjahren auf gleichbleibend hohem Niveau\u201c, erkl\u00e4rte Bastian Finke. MANEO und die Polizei Berlin gehen davon aus, dass 80-90 % der homophoben Gewalttaten in Berlin nicht gemeldet werden.<\/p>\n<p><strong>Weitere Ergebniss des MANEO-Reports 2013<\/strong><\/p>\n<p>Die dominierenden Deliktformen bei schwulenfeindlichen\/ homophoben Gewalttaten sind: einfache Beleidigungen: 19%; einfache und gef\u00e4hrliche K\u00f6rperverletzungen: 22%; N\u00f6tigungen und Bedrohungen: 14%; Raubstraftaten: 28%. Tatorte sind \u00fcberwiegend: das \u00f6ffentliche Stra\u00dfenland: 36%, Wohnungen und unmittelbares Wohnumfeld: 19%, Cruisingorte: 9%, Hotels und Pensionen: 6%. Die auff\u00e4llige Zunahme von Vorf\u00e4llen in Sch\u00f6neberg hatte Anfang des Jahres zu einer Intensivierung der Gespr\u00e4che zwischen MANEO und der Polizei gef\u00fchrt, die zum Jahresende zu einer deutlichen Abnahme von Vorkommnissen in Sch\u00f6neberg gef\u00fchrt hatten.<\/p>\n<p><strong>Sichtbare und ermutigende Signale<\/strong><\/p>\n<p>Sichtbare und mutige Signale sind erforderlich, um homophober Hassgewalt entgegen zu treten. Das will MANEO u.a. auch mit dem \u201aBerliner Toleranzb\u00fcndnis\u2018 bewirken. Verhindert werden soll, dass LSBT* aus der \u00d6ffentlichkeit verdr\u00e4ngt und in die Isolation getrieben werden. Der vollst\u00e4ndige MANEO-Report 2013:<\/p>\n<p><a href=\"http:\/\/www.maneo.de\/infopool\/dokumentationen.html?eID=dam_frontend_push&amp;docID=897\">www.maneo.de\/infopool\/dokumentationen.html?eID=dam_frontend_push&amp;docID=897<\/a><\/p>\n<p>&nbsp;<\/p>\n","protected":false},"excerpt":{"rendered":"<p>wir f\u00f6rdern das \u00f6ffentliche Bewusstsein \u00fcber die gesellschaftliche Bedeutung und die Notwendigkeit von sowohl gewaltpr\u00e4ventiver Aufkl\u00e4rungsarbeit, als auch die Bereitstellung von Unterst\u00fctzungsangebote f\u00fcr Betroffene von Diskriminierung und Gewaltstraftaten \u2013 ausdr\u00fccklich auch f\u00fcr Opfer von homophoben \u00dcbergriffen, denn das Thema war lange Zeit in unserem Land Tabu, und ist es noch \u2026<\/p>\n<p class=\"continue-reading-button\"> <a class=\"continue-reading-link\" href=\"https:\/\/berliner-toleranzbuendnis.de\/?page_id=102\">&gt;&gt; Mehr<i class=\"crycon-right-dir\"><\/i><\/a><\/p>\n","protected":false},"author":1,"featured_media":0,"parent":64,"menu_order":1,"comment_status":"closed","ping_status":"open","template":"","meta":{"footnotes":""},"class_list":["post-102","page","type-page","status-publish","hentry"],"_links":{"self":[{"href":"https:\/\/berliner-toleranzbuendnis.de\/index.php?rest_route=\/wp\/v2\/pages\/102","targetHints":{"allow":["GET"]}}],"collection":[{"href":"https:\/\/berliner-toleranzbuendnis.de\/index.php?rest_route=\/wp\/v2\/pages"}],"about":[{"href":"https:\/\/berliner-toleranzbuendnis.de\/index.php?rest_route=\/wp\/v2\/types\/page"}],"author":[{"embeddable":true,"href":"https:\/\/berliner-toleranzbuendnis.de\/index.php?rest_route=\/wp\/v2\/users\/1"}],"replies":[{"embeddable":true,"href":"https:\/\/berliner-toleranzbuendnis.de\/index.php?rest_route=%2Fwp%2Fv2%2Fcomments&post=102"}],"version-history":[{"count":7,"href":"https:\/\/berliner-toleranzbuendnis.de\/index.php?rest_route=\/wp\/v2\/pages\/102\/revisions"}],"predecessor-version":[{"id":389,"href":"https:\/\/berliner-toleranzbuendnis.de\/index.php?rest_route=\/wp\/v2\/pages\/102\/revisions\/389"}],"up":[{"embeddable":true,"href":"https:\/\/berliner-toleranzbuendnis.de\/index.php?rest_route=\/wp\/v2\/pages\/64"}],"wp:attachment":[{"href":"https:\/\/berliner-toleranzbuendnis.de\/index.php?rest_route=%2Fwp%2Fv2%2Fmedia&parent=102"}],"curies":[{"name":"wp","href":"https:\/\/api.w.org\/{rel}","templated":true}]}}

Gewaltprävention und Opferhilfe

<p>wir fördern das öffentliche Bewusstsein über die gesellschaftliche Bedeutung und die Notwendigkeit von sowohl <strong>gewaltpräventiver Aufklärungsarbeit</strong>, als auch die Bereitstellung von <strong>Unterstützungsangebote für Betroffene von Diskriminierung und Gewaltstraftaten</strong> – ausdrücklich auch für Opfer von homophoben Übergriffen, denn das Thema war lange Zeit in unserem Land Tabu, und ist es noch immer in vielen anderen Ländern unserer Erde.</p>
<p>Gewaltpräventive Aufklärungsarbeit bedeutet für uns, ein gesellschaftliches Bewusstsein dafür zu befördern, dass in unserem Land alle Menschen, auch wenn sie verschieden sind, alle gleiche Rechte haben, dass Solidarität gestärkt werden muss, damit Menschen anderen Menschen beistehen, die bedroht und angegriffen werden, dass Präventionsarbeit hilft, auf Gefahren aufmerksam zu machen und darauf hinzuweisen, und dass homophobe Übergriffe Konsequenzen für Täter haben.</p>
<p>Neben regelmäßigen Gesprächen mit der Berliner Polizei und Staatsanwaltschaft, leisten wir dies beispielsweise durch:</p>
<ul>
<li>öffentliche Diskussions- und Gesprächsrunden;</li>
<li>öffentliche Präsentation von Arbeitsergebnissen;</li>
<li>gewaltpräventive Vorort-Arbeit;</li>
<li>Aufklärung mit Plakaten, Faltblättern, Anzeigen, Homepage, Kino-Spots;</li>
</ul>
<p><strong>Die Bündnispartner sind eingeladen,</strong></p>
<p>sich an unseren öffentlichen Initiativen und Aktionen zu beteiligen und ihr Engagement durch Teilnahme, Veröffentlichung ihres Logo auf Materialien und durch Weiterkommunikation sichtbar zu machen.</p>
<p><a href="http://berliner-toleranzbuendnis.de/wp-content/uploads/2015/01/141010_BTB_MANEO_Handout_page88_image97.jpg"><img loading="lazy" decoding="async" class="  wp-image-325 size-medium aligncenter" src="http://berliner-toleranzbuendnis.de/wp-content/uploads/2015/01/141010_BTB_MANEO_Handout_page88_image97-300x179.jpg" alt="" width="300" height="179" srcset="https://berliner-toleranzbuendnis.de/wp-content/uploads/2015/01/141010_BTB_MANEO_Handout_page88_image97-300x179.jpg 300w, https://berliner-toleranzbuendnis.de/wp-content/uploads/2015/01/141010_BTB_MANEO_Handout_page88_image97-250x150.jpg 250w, https://berliner-toleranzbuendnis.de/wp-content/uploads/2015/01/141010_BTB_MANEO_Handout_page88_image97-150x89.jpg 150w, https://berliner-toleranzbuendnis.de/wp-content/uploads/2015/01/141010_BTB_MANEO_Handout_page88_image97.jpg 314w" sizes="auto, (max-width: 300px) 100vw, 300px" /></a><a href="http://berliner-toleranzbuendnis.de/wp-content/uploads/2015/01/141010_BTB_MANEO_Handout_page88_image98.jpg"><img loading="lazy" decoding="async" class="  wp-image-326  aligncenter" src="http://berliner-toleranzbuendnis.de/wp-content/uploads/2015/01/141010_BTB_MANEO_Handout_page88_image98-147x300.jpg" alt="141010_BTB_MANEO_Handout_page88_image98" width="195" height="398" srcset="https://berliner-toleranzbuendnis.de/wp-content/uploads/2015/01/141010_BTB_MANEO_Handout_page88_image98-147x300.jpg 147w, https://berliner-toleranzbuendnis.de/wp-content/uploads/2015/01/141010_BTB_MANEO_Handout_page88_image98-74x150.jpg 74w, https://berliner-toleranzbuendnis.de/wp-content/uploads/2015/01/141010_BTB_MANEO_Handout_page88_image98.jpg 256w" sizes="auto, (max-width: 195px) 100vw, 195px" /></a></p>
<p>Exemplarisch dafür steht unsere <strong>Aktion „Wir bieten Hilfe!“,</strong> die wir mit Unternehmen des ‚Berliner Toleranzbündnisses‘ zweisprachig (Deutsch und Englisch) kommuniziert haben, um auch Touristen zu erreichen.</p>
<p><!--nextpage-->[section_title title=<strong>Präsentation von Arbeitsergebnissen</strong>]<br />
<strong>Präsentation von Arbeitsergebnissen</strong></p>
<p><strong>MANEO erhellt Dunkelfeld: 290 neue Fälle in Berlin</strong></p>
<p><em>16.05.2013: Pressekonferenz mit Justizstaatsekretär Alexander Straßmeir bei MANEO. Im Foto v.l.n.r: Moritz Konradi (MANEO), Bastian Finke (Leiter von MANEO), Staatssekretär für Justiz Alexander Straßmeir, und Harald Kröger, Ansprechpartner der Berliner Polizei für gleichgeschlechtliche Lebensweisen. Foto © MANEO.</em></p>
<p><a href="http://berliner-toleranzbuendnis.de/wp-content/uploads/2015/01/141010_BTB_MANEO_Handout_page88_image107.jpg"><img loading="lazy" decoding="async" class=" wp-image-335 aligncenter" src="http://berliner-toleranzbuendnis.de/wp-content/uploads/2015/01/141010_BTB_MANEO_Handout_page88_image107-300x214.jpg" alt="" width="400" height="285" srcset="https://berliner-toleranzbuendnis.de/wp-content/uploads/2015/01/141010_BTB_MANEO_Handout_page88_image107-300x214.jpg 300w, https://berliner-toleranzbuendnis.de/wp-content/uploads/2015/01/141010_BTB_MANEO_Handout_page88_image107-210x150.jpg 210w, https://berliner-toleranzbuendnis.de/wp-content/uploads/2015/01/141010_BTB_MANEO_Handout_page88_image107-150x107.jpg 150w, https://berliner-toleranzbuendnis.de/wp-content/uploads/2015/01/141010_BTB_MANEO_Handout_page88_image107.jpg 679w" sizes="auto, (max-width: 400px) 100vw, 400px" /></a></p>
<p><strong>16.05.2013: „Aufgrund der Dimension der Gewalt muss Homophobie und Trans*-phobie als gesamtgesellschaftliche Her-ausforderung ernst genommen werden“, erklärte Bastian Finke, Leiter von MANEO, anlässlich einer Pressekonferenz zum MANEO-Report 2013.</strong></p>
<p>2013 wurden MANEO 500 neue Fälle und Hinweise gemeldet (2012: 474 Fälle). Davon boten 353 Fälle genügend Anhaltspunkte für eine Auswertung. 259 Fälle bezogen sich auf Berlin und hatten einen homophoben Hintergrund. 246 Fälle richteten sich gegen Schwule und männliche Bisexuelle, 13 Fälle gegen Lesben, 23 Fälle gegen Trans*-Personen, 8 Fälle gegen LSBT* als Gruppe insgesamt. 49 Fälle zum Nachteil von LSBT*-Personen mit Tatort Berlin zeigten keinen homophoben oder trans*phoben Hintergrund, und 14 Fälle lagen außerhalb Berlins.</p>
<p>„Die Fallzahlen liegen gegenüber den Vorjahren auf gleichbleibend hohem Niveau“, erklärte Bastian Finke. MANEO und die Polizei Berlin gehen davon aus, dass 80-90 % der homophoben Gewalttaten in Berlin nicht gemeldet werden.</p>
<p><strong>Weitere Ergebniss des MANEO-Reports 2013</strong></p>
<p>Die dominierenden Deliktformen bei schwulenfeindlichen/ homophoben Gewalttaten sind: einfache Beleidigungen: 19%; einfache und gefährliche Körperverletzungen: 22%; Nötigungen und Bedrohungen: 14%; Raubstraftaten: 28%. Tatorte sind überwiegend: das öffentliche Straßenland: 36%, Wohnungen und unmittelbares Wohnumfeld: 19%, Cruisingorte: 9%, Hotels und Pensionen: 6%. Die auffällige Zunahme von Vorfällen in Schöneberg hatte Anfang des Jahres zu einer Intensivierung der Gespräche zwischen MANEO und der Polizei geführt, die zum Jahresende zu einer deutlichen Abnahme von Vorkommnissen in Schöneberg geführt hatten.</p>
<p><strong>Sichtbare und ermutigende Signale</strong></p>
<p>Sichtbare und mutige Signale sind erforderlich, um homophober Hassgewalt entgegen zu treten. Das will MANEO u.a. auch mit dem ‚Berliner Toleranzbündnis‘ bewirken. Verhindert werden soll, dass LSBT* aus der Öffentlichkeit verdrängt und in die Isolation getrieben werden. Der vollständige MANEO-Report 2013:</p>
<p><a href="http://www.maneo.de/infopool/dokumentationen.html?eID=dam_frontend_push&amp;docID=897">www.maneo.de/infopool/dokumentationen.html?eID=dam_frontend_push&amp;docID=897</a></p>
<p>&nbsp;</p>

<p>wir fördern das öffentliche Bewusstsein über die gesellschaftliche Bedeutung und die Notwendigkeit von sowohl gewaltpräventiver Aufklärungsarbeit, als auch die Bereitstellung von Unterstützungsangebote für Betroffene von Diskriminierung und Gewaltstraftaten – ausdrücklich auch für Opfer von homophoben Übergriffen, denn das Thema war lange Zeit in unserem Land Tabu, und ist es noch …</p>
<p class="continue-reading-button"> <a class="continue-reading-link" href="https://berliner-toleranzbuendnis.de/?page_id=102">&gt;&gt; Mehr<i class="crycon-right-dir"></i></a></p>
