{"id":579,"date":"2015-01-17T16:58:15","date_gmt":"2015-01-17T16:58:15","guid":{"rendered":"http:\/\/berliner-toleranzbuendnis.de\/?page_id=579"},"modified":"2015-01-17T16:58:15","modified_gmt":"2015-01-17T16:58:15","slug":"warschau-polen","status":"publish","type":"page","link":"http:\/\/berliner-toleranzbuendnis.de\/?page_id=579","title":{"rendered":"Warschau (Polen)"},"content":{"rendered":"<p><span style=\"text-decoration: underline;\">16.06.2005: MANEO unterst\u00fctzte Warschauer CSD 2005<\/span><\/p>\n<p><strong>Polnische und Europ\u00e4ische Politiker setzten sich \u00fcber das Warschauer CSD-Verbot hinweg<\/strong><\/p>\n<p><strong>Unter massivem Polizeischutz nahmen am 11.06.2005 bis zu 5.000 Menschen an der CSD-Demonstration in Warschau teil, unter ihnen die <\/strong><strong>stellvertretende polnische Premierministerin Izabela Jaruga-Nowacka und der stellvertretende Pr\u00e4sident des polnischen Senats Kazimierz Kutz. Mit der \u201eGleichberechtigungsparade\u201c setzten sich die Organisatoren sowie die Teilnehmer des CSDs \u00fcber das vom Warschauer B\u00fcrgermeister Lech Kaczy<\/strong><strong>\u0144ski verh\u00e4ngte Demonstrations-Verbot hinweg und forderten europ\u00e4ische Menschenrechte auch f\u00fcr Polen ein. Zahlreiche Repr\u00e4sentanten aus der europ\u00e4ischen Politik und von LSBT* Organisationen, unter ihnen MANEO, unterst\u00fctzten die Warschauer Veranstalter und nahmen ebenfalls an der Demonstration teil. Angriffe rechter Gegendemonstranten verletzten einige Teilnehmer.<\/strong><\/p>\n<div id=\"attachment_580\" style=\"width: 310px\" class=\"wp-caption alignright\"><a href=\"http:\/\/berliner-toleranzbuendnis.de\/wp-content\/uploads\/2015\/01\/141010_BTB_MANEO_Handout_page88_image259.jpg\"><img loading=\"lazy\" decoding=\"async\" aria-describedby=\"caption-attachment-580\" class=\"size-medium wp-image-580\" src=\"http:\/\/berliner-toleranzbuendnis.de\/wp-content\/uploads\/2015\/01\/141010_BTB_MANEO_Handout_page88_image259-300x246.jpg\" alt=\"CSD in Warschau (in der Mitte des Bildes): Die stellvertretende polnische Premierministerin Izabela Jaruga-Nowacka, der stellvertretende Pr\u00e4sident des polnischen Senats Kazimierz Kutz, Claudia Roth (MdB, B\u00fcndnis 90\/Die Gr\u00fcnen), Volker Beck (MdB, B\u00fcndnis 90\/ Die Gr\u00fcnen), MANEO-Projektleiter Bastian Finke und Robert Biedron (KPH).\" width=\"300\" height=\"246\" srcset=\"http:\/\/berliner-toleranzbuendnis.de\/wp-content\/uploads\/2015\/01\/141010_BTB_MANEO_Handout_page88_image259-300x246.jpg 300w, http:\/\/berliner-toleranzbuendnis.de\/wp-content\/uploads\/2015\/01\/141010_BTB_MANEO_Handout_page88_image259-183x150.jpg 183w, http:\/\/berliner-toleranzbuendnis.de\/wp-content\/uploads\/2015\/01\/141010_BTB_MANEO_Handout_page88_image259-150x123.jpg 150w, http:\/\/berliner-toleranzbuendnis.de\/wp-content\/uploads\/2015\/01\/141010_BTB_MANEO_Handout_page88_image259.jpg 750w\" sizes=\"auto, (max-width: 300px) 100vw, 300px\" \/><\/a><p id=\"caption-attachment-580\" class=\"wp-caption-text\">CSD in Warschau (in der Mitte des Bildes): Die stellvertretende polnische Premierministerin Izabela Jaruga-Nowacka, der stellvertretende Pr\u00e4sident des polnischen Senats Kazimierz Kutz, Claudia Roth (MdB, B\u00fcndnis 90\/Die Gr\u00fcnen), Volker Beck (MdB, B\u00fcndnis 90\/ Die Gr\u00fcnen), MANEO-Projektleiter Bastian Finke und Robert Biedron (KPH).<\/p><\/div>\n<p>Warschaus B\u00fcrgermeister Lech Kaczy\u0144ski (Partei \u201eRecht und Gerechtigkeit\u201c), der bereits im letzten Jahr die \u201eGleichberechtigungsparade\u201c (Parada R\u00f3wno\u015bci) in Warschau verhindert hatte, begr\u00fcndet in diesem Jahr das Verbot mit den Worten: \u201eIch bin Bef\u00fcrworter der Toleranz, aber Gegner der Unterst\u00fctzung schwulorientierten Verhaltens.\u201c Die \u201eStiftung f\u00fcr Gleichberechtigung\u201c (Fundacja R\u00f3wno\u015bci) und \u201eKampagne gegen Homophobie\u201c (Kampania Przeciw Homofobii \u2013 KPH) \u2013 beide sind Partnerorganisationen von MANEO \u2013 hatten schlie\u00dflich europaweit um Unterst\u00fctzung und Solidarit\u00e4t geworben.<\/p>\n<p>F\u00fcr MANEO war es selbstverst\u00e4ndlich, seine polnischen Partnerorganisationen zu unterst\u00fctzen, zumal die \u00f6ffentliche Stimmung in Polen durch erzkonservative Stimmen aus Politik und Kirche angeheizt worden war. W\u00e4hrend des CSDs in Warschau versuchten zahlreiche Gegendemonstranten die Parade zu verhindern und warfen mit Eiern und Steinen. Nur das schnelle Eingreifen von \u00fcber 1.000 Polizeibeamten, die zum Schutz der Demonstranten durch das polnische Innenministerium bereit gestellt worden waren, verhinderte Schlimmeres.<\/p>\n","protected":false},"excerpt":{"rendered":"<p>16.06.2005: MANEO unterst\u00fctzte Warschauer CSD 2005 Polnische und Europ\u00e4ische Politiker setzten sich \u00fcber das Warschauer CSD-Verbot hinweg Unter massivem Polizeischutz nahmen am 11.06.2005 bis zu 5.000 Menschen an der CSD-Demonstration in Warschau teil, unter ihnen die stellvertretende polnische Premierministerin Izabela Jaruga-Nowacka und der stellvertretende Pr\u00e4sident des polnischen Senats Kazimierz Kutz. \u2026<\/p>\n<p class=\"continue-reading-button\"> <a class=\"continue-reading-link\" href=\"http:\/\/berliner-toleranzbuendnis.de\/?page_id=579\">&gt;&gt; Mehr<i class=\"crycon-right-dir\"><\/i><\/a><\/p>\n","protected":false},"author":1,"featured_media":0,"parent":108,"menu_order":3,"comment_status":"closed","ping_status":"closed","template":"","meta":{"footnotes":""},"class_list":["post-579","page","type-page","status-publish","hentry"],"_links":{"self":[{"href":"http:\/\/berliner-toleranzbuendnis.de\/index.php?rest_route=\/wp\/v2\/pages\/579","targetHints":{"allow":["GET"]}}],"collection":[{"href":"http:\/\/berliner-toleranzbuendnis.de\/index.php?rest_route=\/wp\/v2\/pages"}],"about":[{"href":"http:\/\/berliner-toleranzbuendnis.de\/index.php?rest_route=\/wp\/v2\/types\/page"}],"author":[{"embeddable":true,"href":"http:\/\/berliner-toleranzbuendnis.de\/index.php?rest_route=\/wp\/v2\/users\/1"}],"replies":[{"embeddable":true,"href":"http:\/\/berliner-toleranzbuendnis.de\/index.php?rest_route=%2Fwp%2Fv2%2Fcomments&post=579"}],"version-history":[{"count":1,"href":"http:\/\/berliner-toleranzbuendnis.de\/index.php?rest_route=\/wp\/v2\/pages\/579\/revisions"}],"predecessor-version":[{"id":581,"href":"http:\/\/berliner-toleranzbuendnis.de\/index.php?rest_route=\/wp\/v2\/pages\/579\/revisions\/581"}],"up":[{"embeddable":true,"href":"http:\/\/berliner-toleranzbuendnis.de\/index.php?rest_route=\/wp\/v2\/pages\/108"}],"wp:attachment":[{"href":"http:\/\/berliner-toleranzbuendnis.de\/index.php?rest_route=%2Fwp%2Fv2%2Fmedia&parent=579"}],"curies":[{"name":"wp","href":"https:\/\/api.w.org\/{rel}","templated":true}]}}