{"id":411,"date":"2015-01-16T18:28:14","date_gmt":"2015-01-16T18:28:14","guid":{"rendered":"http:\/\/berliner-toleranzbuendnis.de\/?page_id=411"},"modified":"2016-01-07T02:06:55","modified_gmt":"2016-01-07T01:06:55","slug":"kiss-kiss-berlin","status":"publish","type":"page","link":"http:\/\/berliner-toleranzbuendnis.de\/?page_id=411","title":{"rendered":"Kiss Kiss Berlin 2014"},"content":{"rendered":"<p><strong>Kiss Kiss Berlin \u2013 MANEO mobilisierte mit 30 Veranstaltungen<br \/>\n<\/strong><\/p>\n<p><span style=\"text-decoration: underline;\">Internationaler Tag gegen Homophobie und Trans*phobie am 17. Mai in Berlin:<\/span><\/p>\n<p>Zwischen 21. M\u00e4rz (Internationaler Tag gegen Rassismus) und 17. Mai organisierte MANEO 30 Aktionen und Veranstaltungen in Berlin und mobilisierte so gemeinsam mit seinen B\u00fcndnis-Partnern zum Internationalen Tag gegen Homophobie und Trans*-phobie in Berlin. Hierzu z\u00e4hlten die gemeinsam mit \u201eSchule ohne Rassismus\u201c veranstaltete Aktion \u201emit bunten Blumen f\u00fcr ein buntes Berlin\u201c, Veranstaltungen in 16 Berliner Clubs und Party-Locations, 12 Regenbogenkuchenanschnitte an repr\u00e4sentativen Orten, z.B. in der Berliner Innensenatsverwaltung mit Staatssekret\u00e4r Andreas Statzkowski, im Berliner Rathaus mit dem Regierenden B\u00fcrgermeister von Berlin Klaus Wowereit, im Bundesfamilienministerium mit Bundesministerin Manuela Schwesig, in der Senatsverwaltung f\u00fcr Arbeit, Integration und Soziales mit Senatorin Dilek Kolat, im Berliner Abgeordnetenhaus mit Parlamentspr\u00e4sident Ralf Wieland und im Berliner Polizeipr\u00e4sidium mit dem Polizeipr\u00e4sidenten Klaus Kandt sowie die \u00dcbergabe des MANEO-Reports 2013 an Vertreterinnen und Vertreter der im Berliner Abgeordnetenhaus vertretenen Parteien.<\/p>\n<h4 style=\"text-align: center;\"><span style=\"color: #808080;\"><em><a href=\"http:\/\/berliner-toleranzbuendnis.de\/wp-content\/uploads\/2015\/01\/141010_BTB_MANEO_Handout_page88_image168.jpg\"><img loading=\"lazy\" decoding=\"async\" class=\" wp-image-434 aligncenter\" src=\"http:\/\/berliner-toleranzbuendnis.de\/wp-content\/uploads\/2015\/01\/141010_BTB_MANEO_Handout_page88_image168-226x300.jpg\" alt=\"\" width=\"97\" height=\"129\" srcset=\"http:\/\/berliner-toleranzbuendnis.de\/wp-content\/uploads\/2015\/01\/141010_BTB_MANEO_Handout_page88_image168-226x300.jpg 226w, http:\/\/berliner-toleranzbuendnis.de\/wp-content\/uploads\/2015\/01\/141010_BTB_MANEO_Handout_page88_image168-113x150.jpg 113w, http:\/\/berliner-toleranzbuendnis.de\/wp-content\/uploads\/2015\/01\/141010_BTB_MANEO_Handout_page88_image168.jpg 273w\" sizes=\"auto, (max-width: 97px) 100vw, 97px\" \/><\/a><\/em><\/span>Bildergalerie<\/h4>\n<h5 style=\"text-align: center;\">\u00a0<span style=\"color: #808080;\"><em>(Klicken Sie auf die Bilder um Galerie zu starten)<br \/>\n<\/em><\/span><\/h5>\n\n\t\t<style type=\"text\/css\">\n\t\t\t#gallery-1 {\n\t\t\t\tmargin: auto;\n\t\t\t}\n\t\t\t#gallery-1 .gallery-item {\n\t\t\t\tfloat: left;\n\t\t\t\tmargin-top: 10px;\n\t\t\t\ttext-align: center;\n\t\t\t\twidth: 33%;\n\t\t\t}\n\t\t\t#gallery-1 img {\n\t\t\t\tborder: 2px solid #cfcfcf;\n\t\t\t}\n\t\t\t#gallery-1 .gallery-caption {\n\t\t\t\tmargin-left: 0;\n\t\t\t}\n\t\t\t\/* see gallery_shortcode() in wp-includes\/media.php *\/\n\t\t<\/style>\n\t\t<div id='gallery-1' class='gallery galleryid-411 gallery-columns-3 gallery-size-thumbnail'><dl class='gallery-item'>\n\t\t\t<dt class='gallery-icon landscape'>\n\t\t\t\t<a href='http:\/\/berliner-toleranzbuendnis.de\/wp-content\/uploads\/2015\/01\/141010_BTB_MANEO_Handout_page88_image1591.jpg'><img loading=\"lazy\" decoding=\"async\" width=\"150\" height=\"150\" src=\"http:\/\/berliner-toleranzbuendnis.de\/wp-content\/uploads\/2015\/01\/141010_BTB_MANEO_Handout_page88_image1591-150x150.jpg\" class=\"attachment-thumbnail size-thumbnail\" alt=\"\" aria-describedby=\"gallery-1-421\" \/><\/a>\n\t\t\t<\/dt>\n\t\t\t\t<dd class='wp-caption-text gallery-caption' id='gallery-1-421'>\n\t\t\t\tDer Pr\u00e4sident des Berliner Abgeordnetenhauses, Ralf Wieland, der Regierende B\u00fcrgermeister von Berlin, Klaus Wowereit, und die Senatorin f\u00fcr Arbeit, Integration und Frauen, Dilek Kolat, schnitten heute am 16.05.2013, am Vorabend des Internationalen Tag gegen Homophobie und Trans*phobie, im Berliner Abgeordnetenhaus den vom Park Inn by Radisson Hotel an MANEO gestifteten \u201eKiss Kiss Berlin- Re-genbogenkuchen\u201c an. Foto \u00a9 MANEO\n\t\t\t\t<\/dd><\/dl><dl class='gallery-item'>\n\t\t\t<dt class='gallery-icon landscape'>\n\t\t\t\t<a href='http:\/\/berliner-toleranzbuendnis.de\/wp-content\/uploads\/2015\/01\/141010_BTB_MANEO_Handout_page88_image158.jpg'><img loading=\"lazy\" decoding=\"async\" width=\"150\" height=\"150\" src=\"http:\/\/berliner-toleranzbuendnis.de\/wp-content\/uploads\/2015\/01\/141010_BTB_MANEO_Handout_page88_image158-150x150.jpg\" class=\"attachment-thumbnail size-thumbnail\" alt=\"\" aria-describedby=\"gallery-1-413\" \/><\/a>\n\t\t\t<\/dt>\n\t\t\t\t<dd class='wp-caption-text gallery-caption' id='gallery-1-413'>\n\t\t\t\t14.05.2014: Regenbogenkuchenanschnitt im Berliner Bundesfami-lienministerium, mit Bundesfamilienministerin Manuela Schwesig (Mitte), dem K\u00fcchenchef Klaus Rech vom Hotel Park Inn by Radis-son Berlin Alexanderplatz (li.), und Bastian Finke, Leiter von MANEO. Foto \u00a9 MANEO.\n\t\t\t\t<\/dd><\/dl><dl class='gallery-item'>\n\t\t\t<dt class='gallery-icon landscape'>\n\t\t\t\t<a href='http:\/\/berliner-toleranzbuendnis.de\/wp-content\/uploads\/2015\/01\/141010_BTB_MANEO_Handout_page88_image164.jpg'><img loading=\"lazy\" decoding=\"async\" width=\"150\" height=\"150\" src=\"http:\/\/berliner-toleranzbuendnis.de\/wp-content\/uploads\/2015\/01\/141010_BTB_MANEO_Handout_page88_image164-150x150.jpg\" class=\"attachment-thumbnail size-thumbnail\" alt=\"\" aria-describedby=\"gallery-1-414\" \/><\/a>\n\t\t\t<\/dt>\n\t\t\t\t<dd class='wp-caption-text gallery-caption' id='gallery-1-414'>\n\t\t\t\t17.05.2014: Regenbogenkuchenanschnitt auf dem Nollendorfplatz, mit Bezirksb\u00fcrgermeisterin von Tempelhof-Sch\u00f6neberg, Angelika Sch\u00f6ttler (Mitte). Teilnehmende v.l.n.r.: Zazie de Paris, Schauspielerin (1.v.l.), MANEO-Mitarbeiter Moritz Konradi (2.v.l.), die RBB-Moderatoren Harald Pignatelle (4.v.l.) und Christian Matth\u00e9e (5.v.l.), SPD-MdA Tom Schreiber (6.v.l.), CDU-BzV Tempelhof Sch\u00f6neberg Matthias Steuckardt (6.v.r.), Kora van Tastisch, Staatsministerium f\u00fcr Tuntensicherheit, MANEO-Beir\u00e4tin Christa Arnet (5.v.r.), Bezirksstadtr\u00e4tin Sybill Klotz, (4.v.r.), Marc Matern, Caterings Best by InterContinental, dem Regenbogenkuchen-Spender (3.v.r.), Die Gr\u00fcnen-MdA Anja Kofbinger (2.v.r.) und MANEO-Leiter Bastian Finke (r). Foto \u00a9 B. Mannh\u00f6fer.\n\t\t\t\t<\/dd><\/dl><br style=\"clear: both\" \/><dl class='gallery-item'>\n\t\t\t<dt class='gallery-icon landscape'>\n\t\t\t\t<a href='http:\/\/berliner-toleranzbuendnis.de\/wp-content\/uploads\/2015\/01\/141010_BTB_MANEO_Handout_page88_image163.jpg'><img loading=\"lazy\" decoding=\"async\" width=\"150\" height=\"150\" src=\"http:\/\/berliner-toleranzbuendnis.de\/wp-content\/uploads\/2015\/01\/141010_BTB_MANEO_Handout_page88_image163-150x150.jpg\" class=\"attachment-thumbnail size-thumbnail\" alt=\"\" aria-describedby=\"gallery-1-428\" \/><\/a>\n\t\t\t<\/dt>\n\t\t\t\t<dd class='wp-caption-text gallery-caption' id='gallery-1-428'>\n\t\t\t\t13.05.2014: Regenbogenkuchenanschnitt mit dem Bezirksb\u00fcrgermeister von Charlottenburg-Wilmersdorf, Reinhard Naumann (Mitte), im Beisein von (v.l.n.r.), Dirk Spender, Regionalmanagement City West, Dietmar Schwarz, Intendant Deutsche Oper Berlin, Alexander Oehme, stellv. Hoteldirektor Waldorf Astoria, Anja Langensiepen, Event Sales Manager Waldorf Astoria, Hotel, Pfr. Martin Germer, Dr. Friedrich Barner, Intendant der Schaub\u00fchne am Lehniner Platz, und Bastian Finke, Leiter von MANEO. Foto \u00a9 MANEO.\n\t\t\t\t<\/dd><\/dl><dl class='gallery-item'>\n\t\t\t<dt class='gallery-icon landscape'>\n\t\t\t\t<a href='http:\/\/berliner-toleranzbuendnis.de\/wp-content\/uploads\/2015\/01\/141010_BTB_MANEO_Handout_page88_image171.jpg'><img loading=\"lazy\" decoding=\"async\" width=\"150\" height=\"150\" src=\"http:\/\/berliner-toleranzbuendnis.de\/wp-content\/uploads\/2015\/01\/141010_BTB_MANEO_Handout_page88_image171-150x150.jpg\" class=\"attachment-thumbnail size-thumbnail\" alt=\"\" aria-describedby=\"gallery-1-432\" \/><\/a>\n\t\t\t<\/dt>\n\t\t\t\t<dd class='wp-caption-text gallery-caption' id='gallery-1-432'>\n\t\t\t\t15.05.2014: Regenbogenkuchenanschnitt bei \u201aPink Pillow Berlin Collection\u2018 von Visit Berlin\/ Berlin Tourismus &#038; Kongress GmbH, mit (v.l.n.r.) Jan Schmitz, Jasmin Blanche Werder, Ralf Ostendorf, Philip Ibrahim, Vertreter\/innen des Mercure Hotel Berlin Zentrum und Bastian Finke, Leiter von MANEO. Foto \u00a9 MANEO.\n\t\t\t\t<\/dd><\/dl><dl class='gallery-item'>\n\t\t\t<dt class='gallery-icon landscape'>\n\t\t\t\t<a href='http:\/\/berliner-toleranzbuendnis.de\/wp-content\/uploads\/2015\/01\/141010_BTB_MANEO_Handout_page88_image170.jpg'><img loading=\"lazy\" decoding=\"async\" width=\"150\" height=\"150\" src=\"http:\/\/berliner-toleranzbuendnis.de\/wp-content\/uploads\/2015\/01\/141010_BTB_MANEO_Handout_page88_image170-150x150.jpg\" class=\"attachment-thumbnail size-thumbnail\" alt=\"\" aria-describedby=\"gallery-1-433\" \/><\/a>\n\t\t\t<\/dt>\n\t\t\t\t<dd class='wp-caption-text gallery-caption' id='gallery-1-433'>\n\t\t\t\t16.05.2014: Kiss-In und Regenbogenkuchenanschnitt vor dem Rathaus Neuk\u00f6lln, mit (v.l.n.r.) Christina Schwarzer (MdB, CDU), Sozialstadtrat von Neuk\u00f6lln Bernd Szczepanski, Bastian Finke (MANEO), Anja Kofbinger (MdA, Die Gr\u00fcnen), Bastian Becker und Aaron Kehlert (Hotel \u201aTryp Berlin Mitte\u2018) Foto \u00a9 B. Mannh\u00f6fer.\n\t\t\t\t<\/dd><\/dl><br style=\"clear: both\" \/>\n\t\t<\/div>\n\n","protected":false},"excerpt":{"rendered":"<p>Kiss Kiss Berlin \u2013 MANEO mobilisierte mit 30 Veranstaltungen Internationaler Tag gegen Homophobie und Trans*phobie am 17. Mai in Berlin: Zwischen 21. M\u00e4rz (Internationaler Tag gegen Rassismus) und 17. Mai organisierte MANEO 30 Aktionen und Veranstaltungen in Berlin und mobilisierte so gemeinsam mit seinen B\u00fcndnis-Partnern zum Internationalen Tag gegen Homophobie \u2026<\/p>\n<p class=\"continue-reading-button\"> <a class=\"continue-reading-link\" href=\"http:\/\/berliner-toleranzbuendnis.de\/?page_id=411\">&gt;&gt; Mehr<i class=\"crycon-right-dir\"><\/i><\/a><\/p>\n","protected":false},"author":1,"featured_media":0,"parent":104,"menu_order":0,"comment_status":"closed","ping_status":"closed","template":"","meta":{"footnotes":""},"class_list":["post-411","page","type-page","status-publish","hentry"],"_links":{"self":[{"href":"http:\/\/berliner-toleranzbuendnis.de\/index.php?rest_route=\/wp\/v2\/pages\/411","targetHints":{"allow":["GET"]}}],"collection":[{"href":"http:\/\/berliner-toleranzbuendnis.de\/index.php?rest_route=\/wp\/v2\/pages"}],"about":[{"href":"http:\/\/berliner-toleranzbuendnis.de\/index.php?rest_route=\/wp\/v2\/types\/page"}],"author":[{"embeddable":true,"href":"http:\/\/berliner-toleranzbuendnis.de\/index.php?rest_route=\/wp\/v2\/users\/1"}],"replies":[{"embeddable":true,"href":"http:\/\/berliner-toleranzbuendnis.de\/index.php?rest_route=%2Fwp%2Fv2%2Fcomments&post=411"}],"version-history":[{"count":21,"href":"http:\/\/berliner-toleranzbuendnis.de\/index.php?rest_route=\/wp\/v2\/pages\/411\/revisions"}],"predecessor-version":[{"id":1042,"href":"http:\/\/berliner-toleranzbuendnis.de\/index.php?rest_route=\/wp\/v2\/pages\/411\/revisions\/1042"}],"up":[{"embeddable":true,"href":"http:\/\/berliner-toleranzbuendnis.de\/index.php?rest_route=\/wp\/v2\/pages\/104"}],"wp:attachment":[{"href":"http:\/\/berliner-toleranzbuendnis.de\/index.php?rest_route=%2Fwp%2Fv2%2Fmedia&parent=411"}],"curies":[{"name":"wp","href":"https:\/\/api.w.org\/{rel}","templated":true}]}}